Let o(q) = -21388*q + 213870. Give o(10).
-10
Let r(d) = -8*d**3 + 21*d**2 - 39*d + 2. Determine r(2).
-56
Let w(m) = -117*m**2 - 6092*m - 408. Calculate w(-52).
8
Let b(c) = -c**3 + 19*c**2 - 1493*c + 5991. What is b(4)?
259
Let t(m) = 42*m**2 + 2410*m + 12926. What is t(-6)?
-22
Let a(g) = g**2 + 37773*g + 8112308. What is a(-216)?
-4
Let i(x) = -2*x**2 - 7*x + 307. Determine i(9).
82
Let k(f) = 7*f**2 - 202*f + 1956. Give k(10).
636
Let a(g) = -9*g**3 - 4903*g**2 + 1156*g + 35977. What is a(-545)?
7
Let t(h) = 7*h**3 + 10*h**2 + 51*h + 20. Calculate t(-4).
-472
Let y(l) = -13*l**3 - 206*l**2 + 6*l - 449. Determine y(-16).
-33
Let j(m) = m**2 - 5033*m - 555237. Calculate j(-108).
-9
Let a(s) = 97*s**2 - 254*s + 60. Give a(8).
4236
Let q(z) = -2*z**3 + 19*z**2 - 21732*z + 283704. What is q(13)?
5
Let z(t) = 734*t**2 + 4443*t + 201. Give z(-6).
-33
Let p(b) = -2*b**3 - 146*b**2 + 6163*b - 1758. Calculate p(-103).
-7
Let r(p) = 2206*p + 89847. Give r(-40).
1607
Let b(v) = 133256*v + 133293. What is b(-1)?
37
Let q(k) = -k**3 + 20*k**2 - 52*k - 51. What is q(16)?
141
Let a(z) = 58*z**2 + 529*z + 392. Give a(-12).
2396
Let l(q) = 4040*q + 799847. What is l(-198)?
-73
Let i(u) = 25*u**2 - 158*u + 19. Determine i(7).
138
Let j(s) = -50*s**2 + 1973*s - 13104. What is j(31)?
9
Let a(b) = -b**3 - 64*b**2 - 1052*b - 1086. Give a(-34).
2
Let u(z) = -z**2 - 273*z + 95312. Calculate u(201).
38
Let b(g) = -2317*g - 69468. What is b(-30)?
42
Let d(p) = p**2 - 400*p - 62916. Determine d(521).
125
Let g(a) = a**3 + 172*a**2 + 4776*a - 2634. Calculate g(-137).
-31
Let w(j) = -45*j**2 - 13409*j + 281. What is w(-298)?
-17
Let t(h) = 30287*h - 121178. What is t(4)?
-30
Let v(q) = -q**2 - 1169*q + 50915. Calculate v(42).
53
Let d(o) = -12*o**2 - 901*o - 6509. What is d(-67)?
-10
Let v(b) = -504838*b + 4038709. What is v(8)?
5
Let a(t) = -3*t**3 + 33*t**2 + 298*t - 31. Calculate a(17).
-167
Let n(m) = m**2 - 1761*m - 19473. Calculate n(-11).
19
Let m(k) = -k**3 + 55*k**2 + 1680*k + 6257. Calculate m(-18).
-331
Let v(t) = 4*t**2 + 1281*t - 19941. Calculate v(-335).
-176
Let m(f) = 50*f**2 + 77*f - 145. What is m(2)?
209
Let n(k) = -k**3 - 11*k**2 + 125*k - 247. Determine n(-19).
266
Let d(y) = 300*y + 5472. Give d(-20).
-528
Let p(i) = -452*i**2 - 4536*i + 11. Calculate p(-10).
171
Let i(x) = x**3 + 53*x**2 + 10*x. Determine i(0).
0
Let o(i) = -i**2 + 416*i - 43178. Calculate o(205).
77
Let x(d) = d**3 - 2*d**2 - 130*d - 975. What is x(-7)?
-506
Let h(p) = 398*p + 37060. Determine h(-92).
444
Let s(t) = 145*t + 3552. Give s(-27).
-363
Let w(l) = -l**2 - 341*l - 28162. Calculate w(-150).
488
Let p(q) = q**3 - 59*q**2 + 284*q - 3526. Give p(55).
-6
Let s(m) = -61*m**2 + 1887*m + 177. Give s(31).
53
Let y(x) = -15708*x + 125719. Give y(8).
55
Let t(d) = 280*d**2 - 1695*d + 27. Calculate t(6).
-63
Let d(a) = -a**3 - 30*a**2 - 27*a - 183. What is d(-28)?
-995
Let k(h) = -5*h**3 - 35*h**2 + 847*h + 20. Determine k(10).
-10
Let m(r) = -97*r**3 + 67*r**2 + 49*r - 47. Calculate m(1).
-28
Let t(m) = -2*m**3 + 337*m**2 + 13543*m - 1856. Determine t(202).
-38
Let h(v) = 3537*v - 3304. What is h(1)?
233
Let b(t) = t**3 - 96*t**2 + 191*t - 13. Calculate b(2).
-7
Let g(x) = 100209*x + 300610. Determine g(-3).
-17
Let x(z) = z**3 - 294*z**2 + 1716*z + 3673. What is x(288)?
217
Let t(v) = v**2 - 767*v - 4583. What is t(-6)?
55
Let y(s) = s**3 + 1169*s**2 + 192996*s - 32977. Calculate y(-970).
3
Let p(t) = 3*t**3 + 155*t**2 + 241*t - 454. Determine p(-50).
-4
Let x(j) = -23*j + 476. Determine x(-19).
913
Let u(t) = t**3 + 490*t**2 - 7561*t + 7208. Give u(-505).
138
Let k(w) = -5*w**3 + 245*w**2 - 256*w + 1683. What is k(48)?
915
Let u(d) = -527*d**3 - 5*d**2 - 44*d + 50. What is u(1)?
-526
Let l(x) = 3*x**2 - 136*x - 4254. Give l(-21).
-75
Let u(m) = -5*m**3 - 206*m**2 + 839*m - 88. What is u(-45)?
632
Let u(d) = 5*d**3 + 266*d**2 + 1686*d + 1. What is u(-7)?
-482
Let i(s) = -2*s**2 + 1249*s + 12536. What is i(-10)?
-154
Let p(k) = -859*k**3 - 2*k**2 - 5*k + 7. Give p(1).
-859
Let t(i) = -70*i**2 + 1400*i - 68. Determine t(20).
-68
Let k(c) = 33439*c + 434742. Determine k(-13).
35
Let u(t) = 2*t**2 + 174*t + 2864. What is u(-24)?
-160
Let o(l) = 38409*l - 1421138. Determine o(37).
-5
Let i(c) = c**3 - 322*c**2 - 2637*c - 986. Determine i(330).
4
Let q(v) = -73328*v + 5059633. What is q(69)?
1
Let t(h) = h**3 - 330*h**2 + 5912*h - 932. What is t(311)?
1
Let i(t) = -295*t**2 + 12*t + 15. What is i(1)?
-268
Let s(t) = -12625*t + 732080. Determine s(58).
-170
Let n(o) = o**3 + 6*o**2 + 663*o + 5431. What is n(-8)?
-1
Let f(h) = -52472*h - 103542. Determine f(-2).
1402
Let n(q) = 9*q**3 + 31*q**2 - 18*q + 43. Determine n(-5).
-217
Let u(l) = 1624*l + 558657. What is u(-344)?
1
Let s(n) = n**3 + 19*n**2 + 66*n + 21. Determine s(-4).
-3
Let v(z) = -z**2 + 36*z + 3477. Calculate v(69).
1200
Let i(g) = 2*g**3 + 394*g**2 + 750*g - 5768. What is i(-195)?
82
Let b(a) = a**2 + 3491*a + 276253. Determine b(-81).
43
Let i(h) = -96999*h - 28905699. Determine i(-298).
3
Let w(y) = -22884*y - 823823. What is w(-36)?
1
Let d(o) = 5*o**3 - 223*o**2 - 1674*o + 2161. What is d(51)?
19
Let v(o) = -o**3 - 12*o**2 - 14967*o - 194763. Determine v(-13).
-23
Let l(m) = 75*m**2 + 215*m + 65. What is l(-2)?
-65
Let d(t) = -t**2 + 282*t - 1646. Determine d(6).
10
Let w(b) = 2315*b + 11343. Give w(-5).
-232
Let d(k) = 1006*k + 280. Give d(1).
1286
Let g(l) = -462*l + 17781. Determine g(38).
225
Let q(s) = 5360*s + 771674. Determine q(-144).
-166
Let w(m) = 4*m**2 - 72459*m + 724291. What is w(10)?
101
Let k(s) = 10*s**3 + 347*s**2 - 2448*s + 4. Give k(6).
-32
Let t(v) = -v**3 - 568*v**2 + 42533*v - 7576. Determine t(-635).
44
Let p(r) = 11*r**2 + 431*r - 109305. What is p(82)?
1
Let l(m) = -11*m**2 + 322*m - 121. What is l(30)?
-361
Let w(h) = -2*h**3 - 4*h**2 - 26*h - 64. Calculate w(-4).
104
Let h(q) = -q**3 - 85*q**2 + 716*q - 2592. Calculate h(-93).
12
Let p(h) = 2*h**2 + 449*h + 1821. Give p(-4).
57
Let x(v) = 12*v**2 - 4125*v - 12463. Give x(-3).
20
Let n(w) = -26*w**3 + 194*w**2 - 131*w + 331. Give n(7).
2
Let w(c) = 81*c**2 - 912*c + 226. Give w(12).
946
Let k(h) = -158*h - 23855. Determine k(-151).
3
Let q(u) = 7*u**3 + 618*u**2 - 461*u - 1428. Determine q(-89).
-4
Let v(t) = 129*t**2 - 810*t + 809. What is v(1)?
128
Let b(n) = 213*n + 8703. Determine b(-41).
-30
Let y(a) = a**3 - 8*a**2 + 118351*a - 1302229. Determine y(11).
-5
Let y(h) = h**3 + 7*h**2 - 262*h - 1375. Give y(-5).
-15
Let m(y) = 29*y**2 + 9679*y - 2385. Calculate m(-334).
-47
Let d(t) = -12741*t**2 - 1261359*t - 25. Calculate d(-99).
-25
Let o(n) = 54397*n - 8703526. What is o(160)?
-6
Let a(n) = -6*n**3 + 431*n**2 + 55*n + 1219. Calculate a(72).
-5
Let y(g) = -428*g - 46225. Give y(-108).
-1
Let z(x) = -3665*x + 10983. Give z(3).
-12
Let v(m) = -215*m**2 + 2102*m + 514. Calculate v(10).
34
Let p(k) = 189*k + 13818. Determine p(-59).
2667
Let h(w) = -16273*w - 9243056. Calculate h(-568).
8
Let n(b) = 4*b**3 - 66*b**2 - 486*b + 36. Calculate n(22).
-8
Let c(d) = -19*d**2 - 2176*d + 13128. Give c(6).
-612
Let r(l) = -l**3 - 92*l**2 - 182*l - 575. Calculate r(-90).
-395
Let j(o) = 2*o**3 - 52*o**2 - 22*o + 523. Give j(26).
-49
Let o(s) = -628*s + 9074. What is o(14)?
282
Let m(l) = 250*l + 39949. Determine m(-155).
1199
Let o(b) = 55*b**2 + 70*b - 610. What is o(9)?
4475
Let t(q) = q**3 + 489*q**2 - 7045*q + 39. What is t(14)?
-3
Let h(q) = 10*q**2 - 336*q - 6294. Determine h(-18).
2994
Let s(r) = r**3 + 41*r**2 - 4166*r + 21958. What is s(-90)?
-2
Let a(l) = -l**3 - 46*l**2 - 102*l - 342. Determine a(-43).
-1503
Let y(s) = 341*s - 1571. Calculate y(3).
-548
Let z(k) = 3*k**3 + 5*k**2 - 475*k - 1434. Give z(-3).
-45
Let g(z) = -z**2 - 204*z - 8788. Calculate g(-59).
-233
Let w(z) = -13*z**3 - 1213*z**2 - 4821*z + 28. Determine w(-4).
736
Let d(g) = 33*g**2 - 775*g - 14. Give d(17).
-3652
Let h(q) = -3731*q + 115602. Give h(31).
-59
Let y(h) = -h**3 + 141*h**2 - 2660*h + 4997. What is y(119)?
-1
Let k(i) = -3*i**2 + 224*i - 3736. Calculate k(25).
-11
Let t(b) = -15*b**3 + 14*b**2 - 53*b + 12. What is t(6)?
-3042
Let u(v) = 10*v**2 - 207*v + 17. What is u(19)?
-306
Let j(a) = -23*a**3 - 1409*a**2 - 365*a - 152. Determine j(-61).
-213
Let 